4*g**2 + 5*g - 4. Let k(y) = -5*a(y) + 8*x(y). Calculate k(5).
43
Let l(b) = -38*b**2 - 67261 + 67259 - 86*b**2 + 13*b**2. What is l(-1)?
-113
Let l(n) = n**3 + 4*n**2 - 2*n + 4. Let t(v) = v**2 - 21*v + 104. Let i be -14 + 15 + (2 - 2) + 8. Let r be t(i). Determine l(r).
12
Let s be (40/(-12) + (-132)/90)/((-2)/(-10)). Let q(u) = u**3 + 25*u**2 + 25*u + 33. Calculate q(s).
9
Let t(p) = p**3 + 11*p**2 + 9*p + 3. Let w be (1 + (-8)/6)/((940/600)/47). Calculate t(w).
13
Let k(m) = m**3 - 15*m**2 + m - 12. Let u be k(15). Let b(q) = 16*q + 21*q**2 - 12*q - u - 21*q**2 + 3*q**3. Give b(2).
29
Let a = 860 - 836. Let f(g) = -a*g**2 + 2*g + 10*g**2 - 5*g + 13*g**2 - 5*g - 7. Give f(-4).
9
Let a(z) = -z**2 - 9*z - 10. Suppose -1204 = -116*t + 123*t. Let q = t - -165. Determine a(q).
4
Let g(k) be the first derivative of -k**2 - 3*k + 58. Let m = 30 + -26. Suppose a + 22 = -4*p, 3*p = -m*a - a - 25. Calculate g(p).
7
Let p = -12 + 7. Let x(w) be the third derivative of -w**6/20 - w**4/8 - 13*w**2 + 3. Let z(c) = 5*c**3 + c**2 + 3*c. Let d(h) = p*z(h) - 4*x(h). Give d(-4).
-4
Let z be ((-3)/15)/(10/(-50)). Let g be 6*(z + 55/(-10)). Let y be 6/g + 60/27. Let b(w) = -w**3 + 3*w**2 + 3*w - 1. What is b(y)?
9
Let f(l) = -13*l - 27. Suppose 4 = -5*i - 3*o + o, 4*o - 12 = 0. Let q be f(i). Let b(u) = -27*u**2 + u + 1. Determine b(q).
-27
Let x(t) = -7009*t + 3508*t + 3497*t. What is x(-7)?
28
Let d be 14/28 - (-718)/4. Suppose -d = -h - 8*h. Suppose -7*v = 3*v + h. Let t(q) = -q**2 - 2*q - 1. Give t(v).
-1
Let q(o) = -2*o + 37. Let v(m) = -10*m + 150. Let x(j) = 9*q(j) - 2*v(j). Give x(-21).
-9
Let r(l) = 3*l**2 + 21*l - 51. Let y(p) = -2*p**2 - 13*p + 34. Let w(n) = 7*r(n) + 10*y(n). Give w(-20).
43
Let c(q) = 10 - 55*q + 54*q + 0. Let b(s) = -s**3 + 6*s**2 + 8*s - 7. Let w(i) = -6*i + 1. Let d be w(-1). Let n be b(d). Determine c(n).
10
Let h(x) be the third derivative of -7*x**4/24 - 23*x**3/6 - 328*x**2 - 3. Determine h(-12).
61
Suppose 5*a + 6*a = -0*a. Let k(z) = -7*z + 13. Let b(r) = -6*r + 1. Let g be b(1). Let c(u) = -10*u + 19. Let l(j) = g*c(j) + 7*k(j). Give l(a).
-4
Let n = 2857 + -2855. Let v(d) be the first derivative of 1/4*d**4 + 2*d - 12 - 3*d**3 + 4*d**n. Calculate v(8).
2
Let v(b) be the third derivative of 31*b**4/24 + b**3/6 + 265*b**2 - 5*b. What is v(1)?
32
Let o(p) = -17*p + 7. Let x(b) = 42*b + 2692. Let j be x(-64). Determine o(j).
-61
Suppose 0 = 49*o - 5*o - 1012. Let s(u) = 32 - o + u + 2. Determine s(-7).
4
Let a(t) = t**3 - 3*t**2 - t - 8. Let m = -696 - -706. Suppose -d + m = 6. Determine a(d).
4
Let c(s) = -3*s**2 - s + 10. Let m = 10103 + -10109. What is c(m)?
-92
Let y(x) = -159*x + 1844*x**2 - 1862*x**2 + 156*x + 5. Give y(2).
-73
Let a = 78 - 26. Let x = -46 + a. Let g = x + -14. Let c(v) = -v**2 - 10*v - 11. Give c(g).
5
Let m(q) = -29*q - 438. Let r be m(-15). Let o(b) = -2*b**3 - 3*b**2 + 3*b + 1. Determine o(r).
19
Suppose 11*i = -5*u + 7*i + 471, -2*i = -5*u + 477. Let s(h) = -h + 95 - 194 + u. Give s(-6).
2
Let c(f) = f**2 + 16. Let l be -7 + 1 - ((-23)/23 + 5/(-1)). Determine c(l).
16
Let n(y) = 19*y**3 - 170*y**2 + 62*y - 647. Let a be n(9). Let h(q) = -q + 2*q - 3*q - 5. Calculate h(a).
11
Suppose s - 4*w = -20, -2*w = 3*s + 3*w + 9. Let n(p) be the first derivative of p**2 + 13*p + 508. What is n(s)?
-3
Let z(p) = -p**3 + 6*p**2 + 8*p + 11. Suppose 424*o = 149*o + 2200. Determine z(o).
-53
Let p(b) = -14707 + 7352 - 7*b**2 + 6*b + b**3 + 7349. Let u(o) = 4*o + 3. Let g be u(1). What is p(g)?
36
Let a(f) = -8 + 2*f - 14 + 51 - 3 + 0*f. Determine a(-5).
16
Let l(b) be the third derivative of -b**6/20 - b**5/20 - 5*b**4/24 + b**3/3 - 3587*b**2. Determine l(-2).
48
Let q(j) be the second derivative of j**3/6 + 2*j**2 + j. Let r(z) = -z**2 - 76*z + 3. Let s be r(-76). What is q(s)?
7
Let c(j) be the third derivative of -j**7/840 + j**6/720 + j**5/120 + 59*j**4/24 + 78*j**2. Let y(n) be the second derivative of c(n). Give y(-1).
-3
Let s(h) = h + 5. Let a(o) = 2*o + 10. Let m(i) = -2*a(i) + 5*s(i). Let v(n) = 3*n**2 + 71*n - 17. Let p be v(-24). Give m(p).
12
Suppose -4*r = 6*w - w, 5*w = -r. Suppose 2*l - p = 3*p - 4, 4*p = w. Let m(j) = -j**3 - 4*j**2 - 2. What is m(l)?
-10
Suppose 2*y = 2*o - 150, -14*y + 79 = o - 19*y. Let t = o + -72. Let l(w) = 14*w - 3. Let h(x) = 27*x - 6. Let q(u) = 6*h(u) - 11*l(u). Calculate q(t).
13
Let b = -1 + 3. Let h(y) = 4 - 2*y - 1 - 1 - 3*y**b. Let z be (-604 + 600)*(-2*(-2)/8)/1. Give h(z).
-6
Let s(a) = 11*a**2 + 4*a + 2. Let k = 2628 - 2629. Calculate s(k).
9
Let v(d) = d**3 - 10*d**2 + 11*d - 13. Suppose 15*q = -966 + 3141. Suppose -28 = 13*x - q. Determine v(x).
5
Let v(k) = -k**2 + 7*k - 6. Let s be v(4). Let b(a) = 5*a**2 - 42*a - 11. Let o(f) = 4*f**2 - 32*f - 8. Let p(u) = 3*b(u) - 4*o(u). Calculate p(s).
-25
Let b(i) = 4 + 18*i**2 - i**3 - 4*i - 13*i**2 - 6*i**2 - 8*i**2 + 13*i**2. Let y be 84/22 - 6/(-33). What is b(y)?
-12
Let y(t) = -t**3 + 6*t**2 - 5*t - 17. Suppose -226 = 5*x + 2*a - 267, -x = -3*a + 2. What is y(x)?
-101
Let t(v) = -v**3 - 8*v**2 - 10*v + 17. Let u be t(-6). Let z(s) = u + 0*s + 2*s - 11 + s**2 + 3 + 2. Determine z(1).
2
Let n(u) be the second derivative of -1/6*u**3 + 15/2*u**2 + 3 + 4*u. Calculate n(0).
15
Let p(l) = -10*l + 3. Let u be -1 + (101 + 2)/1. Let z be u/(-9)*9/(-12)*6. Let h = z + -49. What is p(h)?
-17
Let f(k) = 80*k - 2485. Let x be f(31). Let w(n) = n**3 + 5*n**2 - 3*n - 16. Determine w(x).
-1
Let q(c) = -c**3 - 3*c**2 + 4*c - 2. Let b be (-1)/(-3) + 5/3. Suppose -90 = 170*g - 180*g. Suppose r + b*f = -4, 0 = -4*r - 2*f - g - 7. Calculate q(r).
-2
Let b be 4/(-6)*(14 - 20). Let g(k) = -18*k. Determine g(b).
-72
Let a(s) be the first derivative of -4*s - 3*s**2 - 33 + 9 - 109. Calculate a(3).
-22
Let s(f) = f**3 + 0*f**3 + 2 - 108*f**2 + 55*f**2 + 55*f**2. Let x = 17 - 14. Suppose -2*o + 10 = x*r, 0 = -2*o + 2*r - 0*r. What is s(o)?
18
Let q(z) = -z - 3. Let m = 130 - 253. Let k = -130 - m. Determine q(k).
4
Suppose 4*b - 12 = 3*r, 5*r - b - 4 = -7. Let s(g) = -g - 7. Let u be s(-8). Let k(t) = r - 1 + u - 2*t. Give k(3).
-6
Let o(d) = d - 5. Let y be o(7). Let z(j) = -97*j**2 + 191*j**y - 4 - j**3 + 8*j - 100*j**2. What is z(-7)?
-11
Let a be 4/(-1) + 0*(-17)/51. Let s(l) = -2*l**3 - 8*l**2 + 9*l + 20. What is s(a)?
-16
Suppose 3*v = v. Let g(o) = 2*o + 7*o + 8*o - 34*o + 24 + 18*o. What is g(v)?
24
Let s(k) = 4*k**2 - 2. Suppose -16 = -5*x - 5*l + 9, 0 = -3*x + 5*l - 9. Let y be s(x). Let v(g) = -y*g + 3 + 3 + 12*g. What is v(4)?
-2
Let t(o) = -3*o - 1. Let h(y) = 3*y**3 + 5*y**2 - y - 2. Let l be h(-4). Let d = l + 104. Calculate t(d).
17
Let j(l) be the second derivative of -l**3/3 + 13*l**2/2 + 168*l. Let z(b) = -8*b + 56. Let i(t) = 26*j(t) - 6*z(t). Determine i(-2).
10
Let j(r) = -r**2 - 4*r + 3. Suppose -85*q + 97*q = 24. Suppose -17 = 3*k - 4*d + q*d, -2*d - 4 = 4*k. Give j(k).
6
Let b(f) = 2*f**2 + 9*f - 10. Suppose -c = -2*v - 44, -2*v = -c - 7*v + 72. Let l = -59 + c. What is b(l)?
25
Let n(p) = 2791*p + 171 - 2800*p - 372. Calculate n(-23).
6
Let h(u) = 5*u - 9. Let g(r) = -1. Let k(q) = 5*g(q) - h(q). Let z be ((-39)/(-27) - 1)/((-48)/(-17712)*41). What is k(z)?
-16
Let h(x) = 32*x + 64. Let k(n) = 14*n + 32. Let s(y) = -2*h(y) + 5*k(y). Calculate s(-5).
2
Let w(v) = 3*v + 312. Let p be w(-107). Let h(d) = -44*d - 395. Give h(p).
1
Suppose 28*m - 434*m = -791 - 1239. Let l(z) = z**2 - 24*z + 82. Give l(m).
-13
Let t(g) be the first derivative of -3*g + 6 - 5/3*g**3 - 1/4*g**4 - 1/2*g**2. Let a be -6 + 1 - (6/(-2) + 2). Calculate t(a).
-15
Let m(s) = -s**2 + 9*s - 6. Suppose 4*q + h - 15 = 2*h, 3*q - h - 12 = 0. Suppose 4*t = 3*w + 5 - 6, -4*w + 43 = q*t. Calculate m(w).
8
Let m(u) be the second derivative of -u**4/6 - u**3/3 + 3*u**2 - 64*u + 34. Determine m(-3).
-6
Let u(o) = 3*o - 24. Let i(h) = 6*h - 32. Let v(j) = -19*j + 101. Let k(b) = -7*i(b) - 2*v(b). Let z(s) = 5*k(s) + 6*u(s). What is z(-14)?
-6
Let o = -23 - -16. Let i = 1 + o. Let d(r) be the second derivative of -r**3/6 - 3*r**2 + 4*r - 33. Calculate d(i).
0
Let v(s) be the second derivative of s**3 - 1/20*s**5 + s - 3/2*s**2 + 5/12*s**4 + 0. Suppose 60*m - 70*m = -60. Give v(m).
-3
Let f(p) = 23 - 13 + 3*p - 6*p + 0 + 28. Give f(15).
-7
Let i(b) = 0*